s of 4937748587.
4937748587
List the prime factors of 21187681.
281, 75401
What are the prime factors of 1008348812?
2, 17, 139, 106681
What are the prime factors of 249830512?
2, 37, 397, 1063
List the prime factors of 838545006.
2, 3, 13, 89, 199, 607
List the prime factors of 180466168.
2, 37, 609683
What are the prime factors of 1373212964?
2, 59, 1171, 4969
List the prime factors of 165793084.
2, 31, 139, 9619
What are the prime factors of 57202388?
2, 19, 59, 12757
What are the prime factors of 321573927?
3, 5347, 20047
What are the prime factors of 14579240?
2, 5, 13, 23, 53
What are the prime factors of 1787562330?
2, 3, 5, 89, 107, 6257
List the prime factors of 1783658412.
2, 3, 1021, 48527
List the prime factors of 14883958.
2, 131, 56809
What are the prime factors of 16483126?
2, 11, 359, 2087
List the prime factors of 26579511.
3, 7, 60271
List the prime factors of 496606881.
3, 67, 229, 10789
What are the prime factors of 150812089?
101, 1493189
List the prime factors of 690594086.
2, 7, 13, 421, 9013
List the prime factors of 120047059.
11, 10913369
What are the prime factors of 50761904?
2, 883, 3593
List the prime factors of 2263681115.
5, 452736223
List the prime factors of 8518352.
2, 359, 1483
List the prime factors of 1515804436.
2, 127, 379, 7873
List the prime factors of 342585262.
2, 1889, 90679
List the prime factors of 2870459711.
7, 43, 463, 479
List the prime factors of 195997600.
2, 5, 244997
List the prime factors of 70625001.
3, 41, 173, 3319
List the prime factors of 1231590157.
7, 25134493
List the prime factors of 34554558.
2, 3, 5759093
What are the prime factors of 25314964?
2, 131, 48311
List the prime factors of 353619913.
107, 3304859
What are the prime factors of 912489273?
3, 33795899
What are the prime factors of 714599736?
2, 3, 29774989
What are the prime factors of 2733363853?
11, 17, 14616919
What are the prime factors of 7824449533?
37, 211471609
List the prime factors of 183002201.
881, 207721
What are the prime factors of 48150907?
7, 127, 54163
What are the prime factors of 1324104574?
2, 13, 5153, 9883
What are the prime factors of 508350807?
3, 23, 37, 66373
List the prime factors of 34300300.
2, 5, 61, 5623
What are the prime factors of 90376980?
2, 3, 5, 163, 9241
List the prime factors of 13414988.
2, 19, 199, 887
What are the prime factors of 4534595581?
3251, 1394831
What are the prime factors of 62481036?
2, 3, 103, 50551
List the prime factors of 1962247449.
3, 947, 690689
What are the prime factors of 2994344844?
2, 3, 17, 2269, 6469
What are the prime factors of 7262660?
2, 5, 61, 5953
What are the prime factors of 100844876?
2, 11, 2291929
List the prime factors of 2990421538.
2, 13, 89, 99409
List the prime factors of 516405223.
23, 31, 71, 101
What are the prime factors of 534433094?
2, 13, 1581163
List the prime factors of 226352577.
3, 11, 6859169
What are the prime factors of 483312?
2, 3, 10069
What are the prime factors of 67704668?
2, 647, 26161
List the prime factors of 1017596445.
3, 5, 97, 699379
What are the prime factors of 420425042?
2, 107, 1964603
What are the prime factors of 1398963570?
2, 3, 5, 277, 168347
List the prime factors of 646554201.
3, 491, 438937
What are the prime factors of 2589519440?
2, 5, 59, 523, 1049
What are the prime factors of 3021689501?
461, 6554641
What are the prime factors of 167065406?
2, 41, 43, 47381
List the prime factors of 542065090.
2, 5, 7, 487, 15901
What are the prime factors of 534119808?
2, 3, 1390937
What are the prime factors of 39509374?
2, 19754687
What are the prime factors of 791670587?
19, 313, 133121
List the prime factors of 1789690480.
2, 5, 1021, 21911
List the prime factors of 5361030301.
11, 1733, 281227
List the prime factors of 38438808.
2, 3, 1601617
List the prime factors of 1450806436.
2, 137, 409, 6473
What are the prime factors of 1076132702?
2, 10987, 48973
What are the prime factors of 38856529?
373, 104173
List the prime factors of 63479441.
3911, 16231
What are the prime factors of 1183160496?
2, 3, 7, 137, 25703
What are the prime factors of 12065756?
2, 139, 21701
List the prime factors of 33811890.
2, 3, 5, 7, 161009
List the prime factors of 534540482.
2, 7, 43, 887941
What are the prime factors of 105970364?
2, 557, 47563
List the prime factors of 1233423180.
2, 3, 5, 11, 43, 439
What are the prime factors of 86196514?
2, 41, 1051177
What are the prime factors of 1014553563?
3, 107, 179, 17657
What are the prime factors of 120662958?
2, 3, 13, 19, 6263
What are the prime factors of 608572590?
2, 3, 5, 20285753
What are the prime factors of 476422237?
29, 193, 85121
What are the prime factors of 75670376?
2, 47, 201251
What are the prime factors of 629474879?
11, 23, 2488043
What are the prime factors of 118622229?
3, 11, 229, 1427
List the prime factors of 177102479.
177102479
List the prime factors of 104478467.
257, 406531
List the prime factors of 2478927979.
11, 11447, 19687
List the prime factors of 2177203882.
2, 7, 19, 8184977
List the prime factors of 169424132.
2, 42356033
List the prime factors of 2831756162.
2, 19, 74519899
List the prime factors of 7195546.
2, 3597773
List the prime factors of 992440576.
2, 1733, 2237
What are the prime factors of 109669044?
2, 3, 103, 88729
What are the prime factors of 2057875790?
2, 5, 31, 197, 1087
List the prime factors of 8895009452.
2, 7, 881, 360589
List the prime factors of 2816861117.
7, 839, 479629
List the prime factors of 29053032.
2, 3, 241, 5023
List the prime factors of 1522854735.
3, 5, 223, 455263
List the prime factors of 4642400.
2, 5, 7, 829
What are the prime factors of 89103519?
3, 9900391
What are the prime factors of 247447209?
3, 1487, 55469
What are the prime factors of 688075712?
2, 10751183
What are the prime factors of 586971803?
11, 29, 727, 2531
List the prime factors of 2989526.
2, 37, 71, 569
List the prime factors of 399400952.
2, 197, 253427
List the prime factors of 332050850.
2, 5, 997, 6661
What are the prime factors of 1879423359?
3, 11, 61, 933643
What are the prime factors of 3736937398?
2, 59, 31668961
List the prime factors of 177348259.
11, 353, 45673
List the prime factors of 2151206672.
2, 271, 496127
List the prime factors of 2693070128.
2, 7, 24045269
List the prime factors of 222044784.
2, 3, 13, 355841
What are the prime factors of 2415716462?
2, 2423, 498497
What are the prime factors of 85308457?
13, 73, 241, 373
List the prime factors of 270437810.
2, 5, 37, 730913
What are the prime factors of 151702057?
13, 227, 51407
What are the prime factors of 74299164?
2, 3, 6191597
List the prime factors of 1042214328.
2, 3, 577, 25087
What are the prime factors of 891221589?
3, 211, 156437
List the prime factors of 389144201.
5009, 77689
What are the prime factors of 340180046?
2, 1759, 96697
List the prime factors of 83102347.
113, 735419
What are the prime factors of 3571757625?
3, 5, 9524687
List the prime factors of 3606765864.
2, 3, 13, 757, 15271
What are the prime factors of 20778187?
193, 199, 541
What are the prime factors of 386129122?
2, 193064561
List the prime factors of 137487404.
2, 953, 36067
List the prime factors of 1402748330.
2, 5, 140274833
List the prime factors of 2559585745.
5, 907, 564407
What are the prime factors of 6967445901?
3, 13, 19, 89, 105649
What are the prime factors of 82366144?
2, 7, 37, 4969
What are the prime factors of 164788174?
2, 17, 631, 7681
What are the prime factors of 407117792?
2, 31, 410401
List the prime factors of 27433456.
2, 1714591
What are the prime factors of 140907265?
5, 28181453
List the prime factors of 715723297.
715723297
List the prime factors of 280210150.
2, 5, 11, 17, 23, 1303
List the prime factors of 1592988727.
11, 461, 314137
List the prime factors of 2783404754.
2, 13, 23, 1259, 3697
What are the prime factors of 4500641261?
37, 8597, 14149
List the prime factors of 614452810.
2, 5, 613, 100237
What are the prime factors of 2004645916?
2, 7, 13, 17, 323957
List the prime factors of 2608348339.
31, 84140269
List the prime factors of 84321111.
3, 7, 83, 6911
List the prime factors of 4804416905.
5, 59, 67, 243077
List the prime factors of 69999016.
2, 59, 148303
What are the prime factors of 746689973?
746689973
List the prime factor